he remainder when 166 is divided by b.
10
Let p(s) = 44*s**2 - 11*s + 12. Calculate the remainder when p(2) is divided by 54.
4
Let o be 2 + (-1)/(-3 + 2). Suppose o*p - 22 = 2*p. Calculate the remainder when 65 is divided by p.
21
Let c = 228 + -141. Let q = -90 + 95. Suppose 0 = q*k + 63 - 173. What is the remainder when c is divided by k?
21
Suppose -2234*s = -2238*s + 24. Calculate the remainder when 165 is divided by s.
3
Let c be (-2)/(7/(-9) + 1). Let u be 0/(4 + 0) - c. Let t = u - 4. Calculate the remainder when 9 is divided by t.
4
Suppose -1 = -g + 1. What is the remainder when 18 is divided by ((-9)/12)/(g/(-8))?
0
Let l(p) = 4*p**2 - 65*p + 39. Let q(y) = y**2 - 16*y + 10. Let b(u) = -2*l(u) + 9*q(u). Calculate the remainder when b(15) is divided by (-14)/(-2*(1 - 0)).
6
Suppose 5*a = 3*h + 290, 3*h + 186 = 2*a + 61. Calculate the remainder when 97 is divided by a.
42
Suppose -5*t - 4*i = -2*t - 133, 122 = 2*t - 4*i. Calculate the remainder when 1476 is divided by t.
48
Let c(u) = 5*u**2 + 9*u + 2. Let q be c(-2). Suppose 5*i + q*n - 182 = 0, -3*i = -4*i - 4*n + 30. Calculate the remainder when i is divided by 6.
2
Let k = -40 - -87. Suppose 118 = 5*w - k. Calculate the remainder when w is divided by 18.
15
Let r(w) = 3*w - 5. Let j be r(4). Let k be 2/j + 174/(-21). What is the remainder when (-231)/(-6) + 12/k is divided by 10?
7
Suppose 20 = 5*s, 3*s - 18 = -3*u - 0*s. Suppose 3*l + 4*w - 32 = 0, 10 = 4*w - 2*w. What is the remainder when 33 is divided by u*l/(-8)*-7?
5
Suppose -23*j + 1612 = -10*j. Let c = j - 44. What is the remainder when c is divided by 28?
24
Suppose -f = f - 4*x - 176, -387 = -4*f + x. Calculate the remainder when f is divided by -2*(72/(-6) + 2).
18
Let a = 313 + -301. Calculate the remainder when a is divided by 4.
0
Suppose d + 16 = 2*d + 5*u, -66 = -d + 5*u. What is the remainder when 407 is divided by d?
38
Let c(h) be the second derivative of -h**5/20 + 17*h**4/12 + h**3/2 - 23*h**2/2 + 14*h. Calculate the remainder when 110 is divided by c(17).
26
Calculate the remainder when 4/14 + 0 + 142350/546 is divided by 66.
63
Let f(n) = 2*n - 20. Let l be f(10). Suppose 2*r = -t + 185, 4*r = 4*t - l*t - 692. What is the remainder when t is divided by 30?
27
Let v = 2 + -7. Let d = 7 + v. Let h(f) = -f**2 + f + 1. What is the remainder when d is divided by h(0)?
0
Let f(r) = 63*r - 30. Calculate the remainder when f(3) is divided by 55.
49
Suppose 4*j = -5*n + 10, -17 = -5*j - 5*n + n. What is the remainder when 74 + (-1 - (j - 2)) is divided by 36?
34
Let w(t) = t**2 + 4*t + 15. Let p = -18 + 21. What is the remainder when w(-5) is divided by p?
2
Suppose -5*f + 4*i - 10 = -184, -5*f = -3*i - 173. What is the remainder when 576 is divided by f?
32
Suppose 5*k - 136 = 2*s, 2*k + 2*s = 14 + 32. What is the remainder when 73 is divided by k?
21
Suppose 6*l + 516 = 2010. Calculate the remainder when l is divided by 36.
33
Let x = 22 - -3. Suppose 3*b + x - 100 = 0. What is the remainder when b is divided by 13?
12
Suppose -m + 21 = 5*b - 3*b, 68 = 3*m + b. Suppose -16 = -i + m. What is the remainder when 155 is divided by i?
38
Suppose -2*q - 104 = -3*f + 447, 0 = q + 7. Suppose -4*c = -4*v + 164, 0 = -3*c - c - 20. Calculate the remainder when f is divided by v.
35
Suppose -3*w = -14 + 2. Suppose w*g + 126 = 10*g. What is the remainder when 124 is divided by g?
19
Let c = 927 - 922. Calculate the remainder when 62 is divided by c.
2
Suppose 2*j - 5*d - 108 = -2*j, j - 27 = -4*d. Let n = j - 26. What is the remainder when 52 is divided by n + -1 - (-18 + 7)?
8
Let x(l) = l**3 - l + 115. Let u be x(0). Suppose 3*a + 53 = -u. Calculate the remainder when 26 is divided by (5/10)/((-2)/a).
12
Let h = 11 - -13. What is the remainder when (-1 + -34 - 6)*(4/(-2) - -1) is divided by h?
17
Suppose h + 3*m = -28, h - m + 5*m = -32. Let o(f) = -f**2 - 18*f + 3. Let c be o(-17). Let b = h + c. Calculate the remainder when b is divided by 3.
1
Let z = -4 + 4. Suppose z = -4*r + 8*j - 3*j + 43, 0 = r - 4*j - 19. Suppose 3*v = 11 + r. Calculate the remainder when v is divided by 3.
0
Suppose 0 = 3*a + 2*x + 4, -a + 2*x = 4*x + 4. Suppose j = -a*j + 3. What is the remainder when (-122)/(-14) - (-12)/42 is divided by j?
0
Let v(s) = -s**2 - 18*s - 30. Let a be v(-16). Suppose 3*x - a*x = 4*d - 40, x + 29 = 3*d. What is the remainder when 62 is divided by d?
7
Let k(o) = -3*o + 13. Let p be k(8). Let t(m) = m**2 + 7*m - 28. Calculate the remainder when 24 is divided by t(p).
8
Suppose 2256 = 91*k - 67*k. What is the remainder when k is divided by 15?
4
Let x = 10 - 0. Let g = 30 - 28. Suppose -u - 5 = 0, 2*q - 5*q - g*u - 1 = 0. What is the remainder when x is divided by q?
1
Let y(v) = v**3 + 16*v**2 + 16*v - 4. Let j be 152/(-10) - 6/(-30). Let i be y(j). Let m = -12 - i. What is the remainder when 26 is divided by m?
5
Let h = 26 - 26. Let r be h/(5 + -4)*1. Suppose -2*a - a + 84 = r. What is the remainder when a is divided by 10?
8
Suppose 10*h - 15*h + 615 = 0. Calculate the remainder when h is divided by 25.
23
Let g(j) = j**2 - 5*j + 2. Let h be g(5). Let f be 3/(-1 + -2)*h. What is the remainder when (-16 + -1)/(f/4) is divided by 18?
16
Suppose -3*f - 3*y + 29 = f, 0 = 2*f + 4*y - 12. What is the remainder when 21 is divided by f?
5
Suppose -3*g = -16 - 56. Let w be (-1*1)/((-9)/(-36)). What is the remainder when g is divided by (-3 - -1)/(w/26)?
11
Let h = -189 + 218. Let s(i) = i. Let n be s(6). Let t = n - -2. Calculate the remainder when h is divided by t.
5
Suppose 0*g = 4*g - 3*c + 913, -4*g - 5*c = 953. Let y be (-8)/(-52) - g/13. Calculate the remainder when (-3)/y*-2*147 is divided by 17.
15
Suppose 2*m + 157 = 3*m. Let g = m - 92. What is the remainder when g is divided by 11?
10
Suppose 15 - 431 = -16*c. What is the remainder when 93 is divided by c?
15
What is the remainder when (5/(70/(-1099)))/((-1)/2) is divided by 23?
19
Suppose -d - 2 = 2*v, -v + 10 = -d - 4*d. Suppose -4*m = m + 90. What is the remainder when (-3 - m) + (-8)/d is divided by 10?
9
Suppose 0 = -2*d - 5*u + 3 + 36, 0 = -u + 1. Let r be (-1)/2*1 + (-279)/(-6). Let g = r - -37. What is the remainder when g is divided by d?
15
Suppose 0 = -4*w - 0*b + 4*b - 24, 0 = -4*b. Let h = 6 - w. Suppose 0 = 5*s - 20, 5*m = s + h + 4. Calculate the remainder when m is divided by 3.
1
Let o(q) = q**3 + 13*q**2 + 13*q + 13. Let k be o(-12). Let a = -1 + k. Suppose a = -0*f + 3*f - 162. Calculate the remainder when f is divided by 11.
10
Suppose 0 = 16*a - 389 + 117. What is the remainder when 747 is divided by a?
16
Let m = 199 + -193. What is the remainder when 94 is divided by m?
4
Let w = -8 + 26. Suppose w = 2*m + 5*o, -5*o - 77 = -4*m + m. Let a(n) = -2*n**3 - 3*n**2 + 1. What is the remainder when m is divided by a(-2)?
4
Calculate the remainder when (7 + -5)*5*595/10 is divided by 46.
43
Let b = -52 - -69. Let p be (-9)/(-6)*(-536)/6. Calculate the remainder when p*2*(-2)/8 is divided by b.
16
Let x(y) = -26*y**3 - 6*y - 5. What is the remainder when x(-2) is divided by 12?
11
Suppose -3*n = 5*k + 3, 4*k = 3*n + 2*n - 32. Suppose n*q + g = 3*g + 42, 0 = 4*q - g - 41. What is the remainder when 77 is divided by q?
7
Calculate the remainder when (-281)/(-3)*(23 - 20) is divided by 71.
68
What is the remainder when 52 is divided by ((-44)/55)/((-4)/200)?
12
Let s(u) = -19*u**3 + 3*u**2 + 3*u + 2. Let i be s(-2). Let t(x) = -12*x - 7. Let h be t(-8). Let o = i - h. What is the remainder when o is divided by 24?
23
Let x(v) = v**3 + 12*v**2 - 21*v - 28. What is the remainder when 165 is divided by x(-13)?
13
Let n = 4 - 94. Let u = 100 - n. Calculate the remainder when u is divided by 12.
10
Suppose 3*g = 10*g - 84. Calculate the remainder when 909 is divided by g.
9
Let w(q) = -6*q + 103. Calculate the remainder when 266 is divided by w(8).
46
What is the remainder when 8/14 + -3 + 9821/49 is divided by 40?
38
Suppose 11*g - 14*g = -3. Let m(a) = -a**2 - a + 1. Let y(h) = -39*h**2 + 5*h - 6. Let t(z) = -6*m(z) - y(z). What is the remainder when t(g) is divided by 24?
22
What is the remainder when ((-154)/6)/(31/(-93)) is divided by 33?
11
Let j(g) = -g**3 - 3*g**2 + 3*g - 3. Let f be j(-4). Let v(u) = u**3 + 5*u**2 - 3*u - 1. Calculate the remai